{"id":463,"date":"2026-01-08T22:07:03","date_gmt":"2026-01-08T22:07:03","guid":{"rendered":"https:\/\/legg-ing.com.mx\/?page_id=463"},"modified":"2026-04-17T04:36:22","modified_gmt":"2026-04-17T04:36:22","slug":"ansys-fluent","status":"publish","type":"page","link":"https:\/\/legg-ing.com.mx\/index.php\/ansys-fluent\/","title":{"rendered":"Ansys Fluent"},"content":{"rendered":"<p>[et_pb_section fb_built=\u00bb1&#8243; fullwidth=\u00bbon\u00bb _builder_version=\u00bb4.27.0&#8243; _module_preset=\u00bbdefault\u00bb border_color_all=\u00bb#FFFFFF\u00bb global_colors_info=\u00bb{}\u00bb][et_pb_fullwidth_code admin_label=\u00bbBreadcrumbs\u00bb _builder_version=\u00bb4.27.0&#8243; _module_preset=\u00bbdefault\u00bb text_orientation=\u00bbleft\u00bb custom_margin=\u00bb|||50px|false|false\u00bb hover_enabled=\u00bb0&#8243; border_color_all=\u00bb#FFFFFF\u00bb border_width_bottom=\u00bb0px\u00bb border_color_bottom=\u00bb#D6D6D6&#8243; global_colors_info=\u00bb{}\u00bb sticky_enabled=\u00bb0&#8243;]<nav aria-label=\"breadcrumbs\" class=\"rank-math-breadcrumb\"><p><span class=\"last\">Home<\/span><\/p><\/nav> [\/et_pb_fullwidth_code][\/et_pb_section][et_pb_section fb_built=\u00bb1&#8243; fullwidth=\u00bbon\u00bb _builder_version=\u00bb4.27.0&#8243; _module_preset=\u00bbdefault\u00bb global_colors_info=\u00bb{}\u00bb][et_pb_fullwidth_slider arrows_custom_color=\u00bb#000000&#8243; dot_nav_custom_color=\u00bb#000000&#8243; _builder_version=\u00bb4.27.0&#8243; _module_preset=\u00bbdefault\u00bb header_text_color=\u00bbRGBA(255,255,255,0)\u00bb background_enable_image=\u00bboff\u00bb button_alignment=\u00bbleft\u00bb text_orientation=\u00bbleft\u00bb global_colors_info=\u00bb{}\u00bb][et_pb_slide heading=\u00bbAnsys Fluent\u00bb image=\u00bbhttps:\/\/legg-ing.com.mx\/wp-content\/uploads\/2026\/01\/ansys-fluent-combustion-.webp\u00bb use_text_overlay=\u00bboff\u00bb _builder_version=\u00bb4.27.0&#8243; _module_preset=\u00bbdefault\u00bb header_text_color=\u00bb#0C71C3&#8243; body_text_color=\u00bb#000000&#8243; background_color=\u00bbRGBA(255,255,255,0)\u00bb background_enable_color=\u00bbon\u00bb background_enable_image=\u00bboff\u00bb child_mix_blend_mode=\u00bbscreen\u00bb global_colors_info=\u00bb{}\u00bb sticky_transition=\u00bbon\u00bb]<\/p>\n<p>Software CFD No. 1 del Mercado<\/p>\n<p>&nbsp;<\/p>\n<p>&nbsp;<\/p>\n<p>[\/et_pb_slide][\/et_pb_fullwidth_slider][\/et_pb_section][et_pb_section fb_built=\u00bb1&#8243; _builder_version=\u00bb4.27.0&#8243; _module_preset=\u00bbdefault\u00bb background_color=\u00bbRGBA(255,255,255,0)\u00bb background_enable_mask_style=\u00bbon\u00bb background_mask_color=\u00bbRGBA(255,255,255,0)\u00bb border_width_all=\u00bb1px\u00bb border_color_all=\u00bb#0C71C3&#8243; border_width_bottom=\u00bb1px\u00bb border_color_bottom=\u00bb#D6D6D6&#8243; global_colors_info=\u00bb{}\u00bb][et_pb_row _builder_version=\u00bb4.27.0&#8243; _module_preset=\u00bbdefault\u00bb background_color=\u00bbRGBA(255,255,255,0)\u00bb global_colors_info=\u00bb{}\u00bb][et_pb_column type=\u00bb4_4&#8243; _builder_version=\u00bb4.27.0&#8243; _module_preset=\u00bbdefault\u00bb global_colors_info=\u00bb{}\u00bb][et_pb_tabs _builder_version=\u00bb4.27.0&#8243; _module_preset=\u00bbdefault\u00bb border_width_all=\u00bb0px\u00bb global_colors_info=\u00bb{}\u00bb][et_pb_tab title=\u00bbANSYS Fluent\u00bb _builder_version=\u00bb4.27.0&#8243; _module_preset=\u00bbdefault\u00bb global_colors_info=\u00bb{}\u00bb]<\/p>\n<p>\u200b<\/p>\n<table style=\"width: 100%; border-collapse: collapse; border-style: solid;\" border=\"1\">\n<tbody>\n<tr>\n<td style=\"width: 66.7766%;\"><a href=\"https:\/\/www.ansys.com\/\" target=\"_blank\" rel=\"noopener\">Ansys\u00a0<\/a> Fluent le brinda m\u00e1s tiempo para innovar y optimizar el rendimiento de sus productos. Conf\u00ede sus resultados de simulaci\u00f3n a un software ampliamente validado en una amplia gama de aplicaciones. Con Ansys Fluent, puede crear modelos f\u00edsicos avanzados y analizar diversos fen\u00f3menos de fluidos, todo en un entorno personalizable e intuitivo.<\/td>\n<td style=\"width: 33.2234%;\"><img loading=\"lazy\" decoding=\"async\" class=\"wp-image-283 alignnone size-medium\" src=\"https:\/\/legg-ing.com.mx\/wp-content\/uploads\/2025\/12\/fluent.sportcar-300x122.jpg\" alt=\"fluent sport car\" width=\"300\" height=\"122\" srcset=\"https:\/\/legg-ing.com.mx\/wp-content\/uploads\/2025\/12\/fluent.sportcar-300x122.jpg 300w, https:\/\/legg-ing.com.mx\/wp-content\/uploads\/2025\/12\/fluent.sportcar.jpg 353w\" sizes=\"auto, (max-width: 300px) 100vw, 300px\" \/><\/td>\n<\/tr>\n<\/tbody>\n<\/table>\n<p>&nbsp;<\/p>\n<table style=\"border-collapse: collapse; width: 100%;\" border=\"1\">\n<tbody>\n<tr>\n<td style=\"width: 32.2809%;\"><img loading=\"lazy\" decoding=\"async\" class=\"wp-image-285 alignnone size-full\" src=\"https:\/\/legg-ing.com.mx\/wp-content\/uploads\/2025\/12\/fluent-valve-e1767453551423.jpg\" alt=\"ansys fluent\" width=\"212\" height=\"170\" \/><\/td>\n<td style=\"width: 67.7191%;\">Con casi 50 a\u00f1os de dedicaci\u00f3n a la investigaci\u00f3n y el desarrollo, Ansys Fluent es la herramienta de software de din\u00e1mica de fluidos computacional (CFD, por sus siglas en ingl\u00e9s) l\u00edder en la industria y la m\u00e1s conocida, utilizada y reconocida actualmente en el mercado. Fluent contin\u00faa ofreciendo nuevas e innovadoras capacidades a los usuarios de CFD, lo que les permite a las empresas comercializar productos vanguardistas y fiables con mayor rapidez, utilizando la mejor tecnolog\u00eda de CFD.<\/td>\n<\/tr>\n<\/tbody>\n<\/table>\n<p>&nbsp;<\/p>\n<h3>Especificaciones R\u00e1pidas<\/h3>\n<p>Acelere su proceso de dise\u00f1o usando este potente software de simulaci\u00f3n de fluidos. Ansys Fluent ofrece los mejores modelos f\u00edsicos y puede resolver modelos grandes y complejos con precisi\u00f3n y eficiencia.<\/p>\n<ul>\n<li>Flujos de trabajo basados en tareas<\/li>\n<li>Modelos de turbulencia<\/li>\n<li>Flujos mono-fase o multi-fases<\/li>\n<li>Modelos de rden reducido<\/li>\n<li>Ac\u00fasticos<\/li>\n<li>Modelos de Combusti\u00f3n<\/li>\n<li>Optimizaci\u00f3n de forma<\/li>\n<li>HPC<\/li>\n<li>Interacc\u00f3n fluido estructura (FSI, por sus siglas en ingl\u00e9s), acoplado con <a href=\"https:\/\/legg-ing.com.mx\/index.php\/ansys-mechanical-2\">Ansys Mechanical<\/a><\/li>\n<li>Transferecia de calor congujada<\/li>\n<li>Modelado de baterias<\/li>\n<li>Enfriamiento de motores<\/li>\n<\/ul>\n<p>&nbsp;<\/p>\n<h3>El software de Ansys es accesible.<\/h3>\n<p>Para Ansys, es fundamental que todos los usuarios, incluidas las personas con discapacidad, puedan acceder a nuestros productos. Por ello, nos esforzamos por cumplir con los requisitos de accesibilidad establecidos por la Junta de Acceso de EE. UU. (Secci\u00f3n 508), las Pautas de Accesibilidad al Contenido Web (WCAG) y el formato actual de la Plantilla Voluntaria de Accesibilidad de Productos (VPAT).<\/p>\n<p>[\/et_pb_tab][\/et_pb_tabs][\/et_pb_column][\/et_pb_row][\/et_pb_section][et_pb_section fb_built=\u00bb1&#8243; _builder_version=\u00bb4.27.0&#8243; _module_preset=\u00bbdefault\u00bb border_width_all=\u00bb1px\u00bb border_width_bottom=\u00bb1px\u00bb border_color_bottom=\u00bb#D6D6D6&#8243; global_colors_info=\u00bb{}\u00bb][et_pb_row column_structure=\u00bb1_3,1_3,1_3&#8243; _builder_version=\u00bb4.27.0&#8243; _module_preset=\u00bbdefault\u00bb global_colors_info=\u00bb{}\u00bb][et_pb_column type=\u00bb1_3&#8243; _builder_version=\u00bb4.27.0&#8243; _module_preset=\u00bbdefault\u00bb global_colors_info=\u00bb{}\u00bb][et_pb_button button_url=\u00bbhttps:\/\/legg-ing.com.mx\/index.php\/ansys-mechanical-2\/\u00bb button_text=\u00bbAnsys Mechanical\u00bb button_alignment=\u00bbcenter\u00bb _builder_version=\u00bb4.27.0&#8243; _module_preset=\u00bbdefault\u00bb global_colors_info=\u00bb{}\u00bb][\/et_pb_button][\/et_pb_column][et_pb_column type=\u00bb1_3&#8243; _builder_version=\u00bb4.27.0&#8243; _module_preset=\u00bbdefault\u00bb global_colors_info=\u00bb{}\u00bb][et_pb_contact_form title=\u00bbCont\u00e1ctanos\u00bb success_message=\u00bbSe env\u00edo el mensaje\u00bb submit_button_text=\u00bbENVIAR\u00bb _builder_version=\u00bb4.27.0&#8243; _module_preset=\u00bbdefault\u00bb _unique_id=\u00bbf0a316cd-d410-4f28-a744-60b1df6500a6&#8243; global_colors_info=\u00bb{}\u00bb][et_pb_contact_field field_id=\u00bbName\u00bb field_title=\u00bbNombre\u00bb _builder_version=\u00bb4.16&#8243; global_colors_info=\u00bb{}\u00bb button_text_size__hover_enabled=\u00bboff\u00bb button_one_text_size__hover_enabled=\u00bboff\u00bb button_two_text_size__hover_enabled=\u00bboff\u00bb button_text_color__hover_enabled=\u00bboff\u00bb button_one_text_color__hover_enabled=\u00bboff\u00bb button_two_text_color__hover_enabled=\u00bboff\u00bb button_border_width__hover_enabled=\u00bboff\u00bb button_one_border_width__hover_enabled=\u00bboff\u00bb button_two_border_width__hover_enabled=\u00bboff\u00bb button_border_color__hover_enabled=\u00bboff\u00bb button_one_border_color__hover_enabled=\u00bboff\u00bb button_two_border_color__hover_enabled=\u00bboff\u00bb button_border_radius__hover_enabled=\u00bboff\u00bb button_one_border_radius__hover_enabled=\u00bboff\u00bb button_two_border_radius__hover_enabled=\u00bboff\u00bb button_letter_spacing__hover_enabled=\u00bboff\u00bb button_one_letter_spacing__hover_enabled=\u00bboff\u00bb button_two_letter_spacing__hover_enabled=\u00bboff\u00bb button_bg_color__hover_enabled=\u00bboff\u00bb button_one_bg_color__hover_enabled=\u00bboff\u00bb button_two_bg_color__hover_enabled=\u00bboff\u00bb][\/et_pb_contact_field][et_pb_contact_field field_id=\u00bbEmail\u00bb field_title=\u00bbDirecci\u00f3n de correo electr\u00f3nico\u00bb field_type=\u00bbemail\u00bb _builder_version=\u00bb4.16&#8243; global_colors_info=\u00bb{}\u00bb button_text_size__hover_enabled=\u00bboff\u00bb button_one_text_size__hover_enabled=\u00bboff\u00bb button_two_text_size__hover_enabled=\u00bboff\u00bb button_text_color__hover_enabled=\u00bboff\u00bb button_one_text_color__hover_enabled=\u00bboff\u00bb button_two_text_color__hover_enabled=\u00bboff\u00bb button_border_width__hover_enabled=\u00bboff\u00bb button_one_border_width__hover_enabled=\u00bboff\u00bb button_two_border_width__hover_enabled=\u00bboff\u00bb button_border_color__hover_enabled=\u00bboff\u00bb button_one_border_color__hover_enabled=\u00bboff\u00bb button_two_border_color__hover_enabled=\u00bboff\u00bb button_border_radius__hover_enabled=\u00bboff\u00bb button_one_border_radius__hover_enabled=\u00bboff\u00bb button_two_border_radius__hover_enabled=\u00bboff\u00bb button_letter_spacing__hover_enabled=\u00bboff\u00bb button_one_letter_spacing__hover_enabled=\u00bboff\u00bb button_two_letter_spacing__hover_enabled=\u00bboff\u00bb button_bg_color__hover_enabled=\u00bboff\u00bb button_one_bg_color__hover_enabled=\u00bboff\u00bb button_two_bg_color__hover_enabled=\u00bboff\u00bb][\/et_pb_contact_field][et_pb_contact_field field_id=\u00bbMessage\u00bb field_title=\u00bbMensaje\u00bb field_type=\u00bbtext\u00bb fullwidth_field=\u00bbon\u00bb _builder_version=\u00bb4.16&#8243; global_colors_info=\u00bb{}\u00bb button_text_size__hover_enabled=\u00bboff\u00bb button_one_text_size__hover_enabled=\u00bboff\u00bb button_two_text_size__hover_enabled=\u00bboff\u00bb button_text_color__hover_enabled=\u00bboff\u00bb button_one_text_color__hover_enabled=\u00bboff\u00bb button_two_text_color__hover_enabled=\u00bboff\u00bb button_border_width__hover_enabled=\u00bboff\u00bb button_one_border_width__hover_enabled=\u00bboff\u00bb button_two_border_width__hover_enabled=\u00bboff\u00bb button_border_color__hover_enabled=\u00bboff\u00bb button_one_border_color__hover_enabled=\u00bboff\u00bb button_two_border_color__hover_enabled=\u00bboff\u00bb button_border_radius__hover_enabled=\u00bboff\u00bb button_one_border_radius__hover_enabled=\u00bboff\u00bb button_two_border_radius__hover_enabled=\u00bboff\u00bb button_letter_spacing__hover_enabled=\u00bboff\u00bb button_one_letter_spacing__hover_enabled=\u00bboff\u00bb button_two_letter_spacing__hover_enabled=\u00bboff\u00bb button_bg_color__hover_enabled=\u00bboff\u00bb button_one_bg_color__hover_enabled=\u00bboff\u00bb button_two_bg_color__hover_enabled=\u00bboff\u00bb][\/et_pb_contact_field][\/et_pb_contact_form][\/et_pb_column][et_pb_column type=\u00bb1_3&#8243; _builder_version=\u00bb4.27.0&#8243; _module_preset=\u00bbdefault\u00bb global_colors_info=\u00bb{}\u00bb][et_pb_button button_url=\u00bbhttps:\/\/legg-ing.com.mx\/index.php\/ansys-ls-dyna\u00bb button_text=\u00bbAnsys LS_DYNA\u00bb _builder_version=\u00bb4.27.0&#8243; _module_preset=\u00bbdefault\u00bb global_colors_info=\u00bb{}\u00bb][\/et_pb_button][\/et_pb_column][\/et_pb_row][\/et_pb_section]<\/p>\n","protected":false},"excerpt":{"rendered":"<p><nav aria-label=\"breadcrumbs\" class=\"rank-math-breadcrumb\"><p><span class=\"last\">Home<\/span><\/p><\/nav> Software CFD No. 1 del Mercado &nbsp; &nbsp;\u200b Ansys\u00a0 Fluent le brinda m\u00e1s tiempo para innovar y optimizar el rendimiento de sus productos. Conf\u00ede sus resultados de simulaci\u00f3n a un software ampliamente validado en una amplia gama de aplicaciones. Con Ansys Fluent, puede crear modelos f\u00edsicos avanzados y analizar diversos fen\u00f3menos de fluidos, todo [&hellip;]<\/p>\n","protected":false},"author":1,"featured_media":514,"parent":0,"menu_order":0,"comment_status":"closed","ping_status":"closed","template":"","meta":{"_et_pb_use_builder":"on","_et_pb_old_content":"","_et_gb_content_width":"","footnotes":""},"class_list":["post-463","page","type-page","status-publish","has-post-thumbnail","hentry"],"_links":{"self":[{"href":"https:\/\/legg-ing.com.mx\/index.php\/wp-json\/wp\/v2\/pages\/463","targetHints":{"allow":["GET"]}}],"collection":[{"href":"https:\/\/legg-ing.com.mx\/index.php\/wp-json\/wp\/v2\/pages"}],"about":[{"href":"https:\/\/legg-ing.com.mx\/index.php\/wp-json\/wp\/v2\/types\/page"}],"author":[{"embeddable":true,"href":"https:\/\/legg-ing.com.mx\/index.php\/wp-json\/wp\/v2\/users\/1"}],"replies":[{"embeddable":true,"href":"https:\/\/legg-ing.com.mx\/index.php\/wp-json\/wp\/v2\/comments?post=463"}],"version-history":[{"count":39,"href":"https:\/\/legg-ing.com.mx\/index.php\/wp-json\/wp\/v2\/pages\/463\/revisions"}],"predecessor-version":[{"id":662,"href":"https:\/\/legg-ing.com.mx\/index.php\/wp-json\/wp\/v2\/pages\/463\/revisions\/662"}],"wp:featuredmedia":[{"embeddable":true,"href":"https:\/\/legg-ing.com.mx\/index.php\/wp-json\/"}],"wp:attachment":[{"href":"https:\/\/legg-ing.com.mx\/index.php\/wp-json\/wp\/v2\/media?parent=463"}],"curies":[{"name":"wp","href":"https:\/\/api.w.org\/{rel}","templated":true}]}}